 divided by 595.
582
What is the remainder when 10968 is divided by 2077?
583
What is the remainder when 4087 is divided by 680?
7
Calculate the remainder when 68255 is divided by 205.
195
What is the remainder when 54402 is divided by 155?
152
Calculate the remainder when 6684 is divided by 2757.
1170
What is the remainder when 5900308 is divided by 615?
613
Calculate the remainder when 108115 is divided by 1175.
15
Calculate the remainder when 797 is divided by 282.
233
Calculate the remainder when 27487 is divided by 37.
33
What is the remainder when 64987 is divided by 51?
13
Calculate the remainder when 12752 is divided by 6365.
22
What is the remainder when 250915 is divided by 820?
815
Calculate the remainder when 201209 is divided by 22.
19
What is the remainder when 157028 is divided by 172?
164
What is the remainder when 822 is divided by 358?
106
What is the remainder when 203410 is divided by 70?
60
What is the remainder when 717191 is divided by 1013?
1000
Calculate the remainder when 17007 is divided by 90.
87
Calculate the remainder when 5156 is divided by 5143.
13
What is the remainder when 1762 is divided by 858?
46
What is the remainder when 37336 is divided by 31?
12
Calculate the remainder when 232150 is divided by 5527.
16
What is the remainder when 724007 is divided by 194?
193
What is the remainder when 274584 is divided by 19?
15
What is the remainder when 7314 is divided by 245?
209
Calculate the remainder when 8812 is divided by 4365.
82
Calculate the remainder when 3745 is divided by 29.
4
What is the remainder when 16781 is divided by 373?
369
What is the remainder when 1416 is divided by 110?
96
What is the remainder when 15237 is divided by 483?
264
What is the remainder when 2274 is divided by 203?
41
What is the remainder when 24283 is divided by 1430?
1403
Calculate the remainder when 1318 is divided by 1316.
2
Calculate the remainder when 1712 is divided by 24.
8
Calculate the remainder when 218691 is divided by 574.
571
Calculate the remainder when 256800 is divided by 305.
295
What is the remainder when 34082 is divided by 3399?
92
What is the remainder when 710 is divided by 243?
224
Calculate the remainder when 36736 is divided by 79.
1
Calculate the remainder when 152027 is divided by 18.
17
What is the remainder when 1147 is divided by 6?
1
Calculate the remainder when 410 is divided by 185.
40
Calculate the remainder when 852 is divided by 540.
312
What is the remainder when 30251 is divided by 24?
11
What is the remainder when 2614 is divided by 240?
214
Calculate the remainder when 3181 is divided by 32.
13
Calculate the remainder when 6495 is divided by 361.
358
What is the remainder when 1094 is divided by 277?
263
Calculate the remainder when 78892 is divided by 26296.
4
Calculate the remainder when 6770 is divided by 1114.
86
What is the remainder when 123151 is divided by 1811?
3
Calculate the remainder when 1283666 is divided by 170.
166
What is the remainder when 208311 is divided by 124?
115
Calculate the remainder when 25719 is divided by 122.
99
What is the remainder when 20328 is divided by 107?
105
Calculate the remainder when 32927 is divided by 7.
6
What is the remainder when 5079 is divided by 2535?
9
Calculate the remainder when 35094 is divided by 328.
326
Calculate the remainder when 13776 is divided by 492.
0
Calculate the remainder when 39637 is divided by 34.
27
Calculate the remainder when 66301 is divided by 66291.
10
Calculate the remainder when 4782 is divided by 433.
19
What is the remainder when 212577 is divided by 39?
27
What is the remainder when 118722 is divided by 886?
884
Calculate the remainder when 20381 is divided by 49.
46
Calculate the remainder when 746227 is divided by 41.
27
What is the remainder when 105526 is divided by 35150?
76
What is the remainder when 489224 is divided by 16?
8
What is the remainder when 452245 is divided by 381?
379
Calculate the remainder when 33741 is divided by 489.
0
What is the remainder when 419774 is divided by 29?
28
Calculate the remainder when 1145 is divided by 189.
11
What is the remainder when 10040 is divided by 527?
27
What is the remainder when 13354 is divided by 183?
178
What is the remainder when 4841 is divided by 239?
61
What is the remainder when 64280 is divided by 21370?
170
Calculate the remainder when 1305154 is divided by 18.
10
What is the remainder when 67 is divided by 4?
3
What is the remainder when 182920 is divided by 271?
266
What is the remainder when 401622 is divided by 945?
942
What is the remainder when 16708 is divided by 534?
154
Calculate the remainder when 95062 is divided by 1068.
10
Calculate the remainder when 894 is divided by 272.
78
What is the remainder when 13864 is divided by 1271?
1154
Calculate the remainder when 46749 is divided by 187.
186
Calculate the remainder when 66015 is divided by 22003.
6
Calculate the remainder when 8072 is divided by 39.
38
What is the remainder when 703455 is divided by 89?
88
Calculate the remainder when 1736 is divided by 367.
268
What is the remainder when 18162 is divided by 154?
144
Calculate the remainder when 6310 is divided by 204.
190
What is the remainder when 74927 is divided by 524?
519
What is the remainder when 7038 is divided by 7017?
21
What is the remainder when 10382 is divided by 3456?
14
What is the remainder when 4697 is divided by 2328?
41
Calculate the remainder when 1295 is divided by 1235.
60
Calculate the remainder when 3743 is divided by 632.
583
What is the remainder when 101167 is divided by 992?
975
Calculate the remainder when 2377 is divided by 457.
92
What is the remainder when 1466 is divided by 99?
80
What is the remainder when 5879 is divided by 69?
14
Calculate the remainder when 20011 is divided by 337.
128
What is the remainder when 6391 is divided by 65?
21
Calculate the remainder when 25652 is divided by 282.
272
What is the remainder when 6577 is divided by 14?
11
What is the remainder when 3877 is divided by 241?
21
Calculate the remainder when 17441 is divided by 335.
21
What is the remainder when 2742 is divided by 341?
14
What is the remainder when 12698 is divided by 577?
4
What is the remainder when 1824005 is divided by 109?
108
What is the remainder when 19354 is divided by 176?
170
Calculate the remainder when 3130 is divided by 257.
46
Calculate the remainder when 47283 is divided by 142.
139
Calculate the remainder when 2014659 is divided by 46.
43
What is the remainder when 56976 is divided by 9?
6
Calculate the remainder when 40416 is divided by 188.
184
Calculate the remainder when 4543 is divided by 525.
343
What is the remainder when 52004 is divided by 7423?
43
What is the remainder when 22499 is divided by 2042?
37
Calculate the remainder when 281577 is divided by 390.
387
Calculate the remainder when 142796 is divided by 98.
10
What is the remainder when 4280 is divided by 14?
10
What is the remainder when 1042 is divided by 424?
194
Calculate the remainder when 143917 is divided by 8.
5
What is the remainder when 1369 is divided by 7?
4
What is the remainder when 14942 is divided by 194?
4
Calculate the remainder when 19847 is divided by 1323.
2
Calculate the remainder when 486360 is divided by 121585.
20
What is the remainder when 2402 is divided by 140?
22
Calculate the remainder when 2664 is divided by 231.
123
What is the remainder when 1794 is divided by 565?
99
What is the remainder when 84684 is divided by 407?
28
What is the remainder when 92346 is divided by 46151?
44
Calculate the remainder when 3675111 is divided by 56.
55
Calculate the remainder when 24527 is divided by 22.
19
What is the remainder when 17681 is divided by 17678?
3
What is the remainder when 87182 is divided by 37?
10
Calculate the remainder when 13691 is divided by 1249.
1201
What is the remainder when 2116 is divided by 524?
20
Calculate the remainder when 7629 is divided by 10.
9
What is the remainder when 10073 is divided by 65?
63
Calculate the remainder when 34458 is divided by 255.
33
Calculate the remainder when 603167 is divided by 575.
567
What is the remainder when 15610 is divided by 339?
16
Calculate the remainder when 272988 is divided by 895.
13
Calculate the remainder when 35435 is divided by 